rime factors of 916650.
2, 3, 5, 7, 97
List the prime factors of 5884644.
2, 3, 269, 1823
What are the prime factors of 6696?
2, 3, 31
What are the prime factors of 17649630?
2, 3, 5, 131, 499
What are the prime factors of 48875?
5, 17, 23
List the prime factors of 12205229.
12205229
What are the prime factors of 442851?
3, 147617
List the prime factors of 2580284.
2, 7, 92153
What are the prime factors of 1359819?
3, 151091
What are the prime factors of 2993171?
2993171
List the prime factors of 229573.
101, 2273
What are the prime factors of 2669073?
3, 11, 29, 2789
What are the prime factors of 19689462?
2, 3, 13, 84143
List the prime factors of 726875.
5, 1163
List the prime factors of 570911.
11, 17, 43, 71
What are the prime factors of 304651?
304651
What are the prime factors of 45572?
2, 11393
What are the prime factors of 2843717?
2843717
List the prime factors of 4359106.
2, 17, 29, 4421
List the prime factors of 26770091.
23, 1061, 1097
What are the prime factors of 4334859?
3, 481651
List the prime factors of 355587.
3, 118529
What are the prime factors of 114973?
114973
What are the prime factors of 203335?
5, 11, 3697
List the prime factors of 562717.
17, 79, 419
List the prime factors of 174883.
179, 977
What are the prime factors of 964500?
2, 3, 5, 643
List the prime factors of 862358.
2, 7, 31, 1987
What are the prime factors of 349389?
3, 38821
List the prime factors of 2329129.
11, 19249
List the prime factors of 423759.
3, 7, 17, 1187
What are the prime factors of 578399?
578399
What are the prime factors of 143713?
137, 1049
List the prime factors of 150404.
2, 19, 1979
What are the prime factors of 4355555?
5, 311, 2801
What are the prime factors of 1073948?
2, 268487
List the prime factors of 8167541.
8167541
What are the prime factors of 2842937?
2842937
List the prime factors of 725422.
2, 37, 9803
List the prime factors of 760002.
2, 3, 17, 7451
List the prime factors of 32912.
2, 11, 17
What are the prime factors of 663332?
2, 165833
What are the prime factors of 401292?
2, 3, 71, 157
What are the prime factors of 582029?
7, 17, 67, 73
What are the prime factors of 269433?
3, 17, 587
List the prime factors of 8804837.
23, 31, 53, 233
What are the prime factors of 7914505?
5, 1582901
What are the prime factors of 73962?
2, 3, 7, 587
List the prime factors of 734677.
251, 2927
List the prime factors of 187992.
2, 3, 7, 373
What are the prime factors of 36264?
2, 3, 1511
List the prime factors of 3503353.
7, 19, 53, 71
List the prime factors of 79084.
2, 17, 1163
What are the prime factors of 13384117?
17, 419, 1879
List the prime factors of 443588.
2, 43, 2579
List the prime factors of 14126014.
2, 7, 17, 61, 139
List the prime factors of 1089480.
2, 3, 5, 7, 1297
What are the prime factors of 55104?
2, 3, 7, 41
What are the prime factors of 13638132?
2, 3, 1559
List the prime factors of 628920.
2, 3, 5, 1747
List the prime factors of 11318985.
3, 5, 251533
What are the prime factors of 1203110?
2, 5, 31, 3881
What are the prime factors of 31113645?
3, 5, 2074243
What are the prime factors of 22207333?
19, 109, 10723
List the prime factors of 21720863.
31, 700673
What are the prime factors of 278846?
2, 139423
List the prime factors of 1185944.
2, 148243
What are the prime factors of 1225773?
3, 37, 409
What are the prime factors of 23606?
2, 11, 29, 37
What are the prime factors of 178573?
283, 631
What are the prime factors of 315429?
3, 105143
What are the prime factors of 373261?
7, 53323
What are the prime factors of 266072?
2, 79, 421
What are the prime factors of 211153?
211153
List the prime factors of 12484468.
2, 53, 58889
List the prime factors of 790054.
2, 395027
List the prime factors of 1243630.
2, 5, 124363
What are the prime factors of 3610587?
3, 29, 47, 883
What are the prime factors of 3751829?
23, 157, 1039
List the prime factors of 3542179.
73, 48523
List the prime factors of 1187719.
13, 211, 433
List the prime factors of 2515619.
19, 31, 4271
What are the prime factors of 4962280?
2, 5, 131, 947
List the prime factors of 17340818.
2, 11, 257, 3067
List the prime factors of 423199.
7, 60457
What are the prime factors of 5023505?
5, 19, 52879
What are the prime factors of 9795316?
2, 2448829
List the prime factors of 6150946.
2, 19, 157, 1031
List the prime factors of 3681699.
3, 7, 199, 881
What are the prime factors of 110315?
5, 22063
List the prime factors of 2131701.
3, 11, 13, 4969
List the prime factors of 13432873.
17, 790169
List the prime factors of 6298787.
11, 83, 6899
What are the prime factors of 4617308?
2, 1154327
What are the prime factors of 1011384?
2, 3, 11, 1277
What are the prime factors of 11308646?
2, 5654323
What are the prime factors of 13335922?
2, 17, 392233
What are the prime factors of 6267470?
2, 5, 11, 227, 251
List the prime factors of 838790.
2, 5, 37, 2267
List the prime factors of 326665.
5, 79, 827
List the prime factors of 319847.
11, 29077
What are the prime factors of 2377668?
2, 3, 198139
What are the prime factors of 4442888?
2, 555361
List the prime factors of 1353770.
2, 5, 11, 31, 397
What are the prime factors of 14469263?
14469263
List the prime factors of 5055488.
2, 4937
List the prime factors of 4508064.
2, 3, 11, 1423
What are the prime factors of 1898601?
3, 29, 139, 157
List the prime factors of 215431.
211, 1021
What are the prime factors of 343734?
2, 3, 59, 971
What are the prime factors of 390155?
5, 78031
List the prime factors of 6534188.
2, 17, 307, 313
What are the prime factors of 196609?
7, 28087
List the prime factors of 513333.
3, 57037
What are the prime factors of 4316461?
4316461
List the prime factors of 23664790.
2, 5, 41, 57719
List the prime factors of 1336862.
2, 757, 883
List the prime factors of 25147417.
31, 811207
List the prime factors of 36245727.
3, 7, 31, 67, 277
List the prime factors of 3002848.
2, 107, 877
What are the prime factors of 2132347?
7, 37, 8233
List the prime factors of 413274.
2, 3, 68879
List the prime factors of 1091576.
2, 136447
List the prime factors of 84756.
2, 3, 7, 1009
List the prime factors of 33728869.
33728869
What are the prime factors of 229040?
2, 5, 7, 409
What are the prime factors of 1449150?
2, 3, 5, 9661
What are the prime factors of 8045026?
2, 11, 365683
List the prime factors of 6423347.
7, 41, 22381
What are the prime factors of 3066129?
3, 11, 30971
What are the prime factors of 934948?
2, 7, 33391
What are the prime factors of 21969139?
821, 26759
List the prime factors of 269440.
2, 5, 421
List the prime factors of 9319.
9319
List the prime factors of 19046019.
3, 6348673
List the prime factors of 1391678.
2, 695839
What are the prime factors of 789681?
3, 263227
What are the prime factors of 8882559?
3, 7, 277, 509
What are the prime factors of 6346?
2, 19, 167
What are the prime factors of 227517?
3, 181, 419
List the prime factors of 173977.
173977
List the prime factors of 1481637.
3, 23, 109, 197
What are the prime factors of 314340?
2, 3, 5, 13, 31
List the prime factors of 182808.
2, 3, 2539
List the prime factors of 2487612.
2, 3, 207301
What are the prime factors of 324407?
353, 919
List the prime factors of 406708.
2, 17, 5981
List the prime factors of 8343151.
211, 39541
What are the prime factors of 153342?
2, 3, 7, 1217
List the prime factors of 337117.
11, 19, 1613
List the prime factors of 530661.
3, 176887
List the prime factors of 6765088.
2, 11, 19219
List the prime factors of 441936.
2, 3, 11, 31
What are the prime factors of 67547?
67547
List the prime factors of 592497.
3, 43, 1531
List the prime factors of 2790692.
2, 697673
What are the prime factors of 3417110?
2, 5, 23, 83, 179
List the prime factors of 1128773.
1128773
What are the prime factors of 286285?
5, 31, 1847
List the prime factors of 1893874.
2, 29, 32653
List the prime factors of 1083753.
3, 11, 41, 89
What are the prime factors of 4915274?
2, 7, 13, 113, 239
What are the prime factors of 5138346?
2, 3, 856391
What are the prime factors of 6241925?
5, 249677
What are the prime factors of 1859266?
2, 557, 1669
What are the prime factors of 105274?
2, 13, 4049
What are the prime factors of 344898?
2, 3, 2129
List the prime factors of 7068.
2, 3, 19, 31
What are the prime factors of 23